s(i) = 5*i**2 + i - 5. Let t(z) = -6*k(z) + s(z). Determine t(q).
-5
Suppose 2*b - 13 = -23. Suppose -7*r = -4*r - 6. Let u(g) = 2 - g - 9 - r*g - 5*g**2 - g**3. Determine u(b).
8
Suppose 4*j - g = 29, 5*j = -3*g + 21 - 6. Let m(s) = j*s**2 - 4 - 5*s - 8*s**2 - 2*s. What is m(-4)?
-8
Let t(k) = -2 + k + 1 - 3. Let o(i) = -i + 16. Let c be o(12). Suppose 4*g + v - 19 = 0, 21 = c*g + g + 4*v. Give t(g).
1
Suppose -5*l + 12 = -8. Let q(b) = 2*b**3 - b**2 - 1. Let x(m) = 13*m**3 - 9*m**2 - 2*m - 8. Let a(g) = -6*q(g) + x(g). Calculate a(l).
6
Let q be (-4 - (0 - 2))*-1. Let p(v) = -4*v**3 - 3 + v**2 + q + 0*v + v. Suppose 0 = -5*n + 2*i + 11, 3*n - 5*i = -0*n + 18. Determine p(n).
-3
Let y(n) = n**2 + n - 5. Suppose 0*p = 5*q - 2*p + 18, 4*q + p + 17 = 0. Determine y(q).
7
Let p be (-103)/7 + (-4)/14. Let f = -9 - p. Let r = 3 - f. Let q(v) = v**2 + 3*v. Calculate q(r).
0
Let j(d) be the third derivative of d**4/24 + 4*d**3/3 + 10*d**2. Give j(0).
8
Let q be (-6 + 3 - -10)*1. Suppose 0 = -3*f - w - 7, 4*w - q = -f - w. Let v(p) be the third derivative of p**4/12 + 2*p**3/3 - p**2. Determine v(f).
-2
Let l(z) = -z - 8. Let v = -4 + 4. Suppose o + 14 = -o - 3*g, v = -2*o + 5*g + 18. Let y be (0/(6/3))/o. Give l(y).
-8
Let o be (4/14)/(-1) + 285/(-105). Let i(g) = -g**2 - g + 1. What is i(o)?
-5
Let q = 9 - -3. Let b be 1/4 - (-33)/q. Let o(c) = -c**2 + 5*c - 2. Determine o(b).
4
Let a = 6 - 3. Let o(h) = h**2 + 0*h**2 - a*h**2 - 5 - 7*h. What is o(-4)?
-9
Let v(t) = -12*t**2 + 9*t + 7*t**2 - 4*t + t**3. Give v(4).
4
Let b(x) = -6*x**3 + x**2 - x + 1. Let a be ((-2)/6)/((-1)/(-3)*-1). Calculate b(a).
-5
Let y(l) = l**3 - l**2 + 2*l - 3. Suppose -f = -j - 4*j + 28, -26 = -4*j - f. Let s be j*(-1)/(-4 + 2). Suppose -2*a = s*a - 10. What is y(a)?
5
Let i be ((-2)/3)/(4/(-42)). Let v(m) = -m + 5. Give v(i).
-2
Let i(u) = -3*u - 1. Suppose 6 = 6*x - 12. What is i(x)?
-10
Let m(g) be the third derivative of -g**2 + 0 + 0*g + 1/4*g**4 - 2/3*g**3. Give m(3).
14
Let y(v) be the second derivative of v**3/6 - v**2 - 4*v - 7. Let q(i) = -i**2 - 4*i - 6. Let s be q(-4). What is y(s)?
-8
Let m be 8/36 + 68/18. Let i(r) = -r - 1. What is i(m)?
-5
Let q(c) = -c - c + 2*c - c**2 + 3*c**3. Determine q(1).
2
Let j = -2 - -5. Let u = 17 + -13. Let k(i) = -1 - i**2 - i + i + u. Give k(j).
-6
Let a(j) = j**2 + 8. Let k be a(0). Let w be k/(-6) + 2/(-3). Let u(r) = r**2 + 2*r + 1. Give u(w).
1
Let y(b) = b + 4. Let s = 7 + -5. Suppose -s*q + q = 2. Give y(q).
2
Let n be (2/4)/1*4. Suppose -n - 3 = -5*v. Let z(q) = 8*q**2 + 2*q - 1. Give z(v).
9
Suppose 0 = 3*q - 4*q + 3*d - 9, 3*d = 3*q + 3. Let f(o) = o**2 + o**2 + 3*o - o**q + o. Let t = 6 + -3. Determine f(t).
3
Let u(v) = -5 - 2 + 0*v + 6*v - 5*v. Let d = 8 + -3. Let i = 0 + d. Determine u(i).
-2
Let w = 7 + -4. Let k(b) = -4 + 7*b + 2*b - 4*b + 0*b - b**2. What is k(w)?
2
Let z(r) be the first derivative of 1/2*r**2 - 5*r + 1. Calculate z(5).
0
Let p(n) = -5*n**2 - 6*n + 5 + 0*n - 3*n + 6*n**2. Give p(8).
-3
Suppose 0 = 6*g - 43 + 13. Let w(v) = v**2 - 6*v - 3. Determine w(g).
-8
Let k(b) = -b + 3. Let t be (-6)/(-9)*(-3)/7*-7. Determine k(t).
1
Let d(s) = 2*s**3 - s**2 - 2*s + 3. Let a(f) = -9*f**3 + 6*f**2 + 10*f - 16. Let i(g) = -2*a(g) - 11*d(g). Suppose 0 = z - 2, 7 + 5 = 4*k + 4*z. What is i(k)?
-4
Let q(f) be the third derivative of -7*f**4/24 - 2*f**3/3 + 2*f**2. Let t(s) = -4*s - 2. Let p(x) = -3*q(x) + 5*t(x). Calculate p(4).
6
Let b = 45 + -43. Let y(n) = -2*n + 2*n - 2*n. What is y(b)?
-4
Let g(x) = -x**3 + 4*x**2 - 3*x + 4. Let w be -8*(-3 + 25/10). What is g(w)?
-8
Let p(m) = m**2 + 2*m. Let n(f) = 1. Let t(b) = 2*n(b) + p(b). Let r be 6/9 + 20/6. Suppose -3*o = 2*h - 5 - r, h + 4*o = 17. Calculate t(h).
5
Suppose -3*j + 2 = -5*j. Let g = j + -5. Let m(k) = -k - 1. Give m(g).
5
Let s(q) = 2 - 39*q**3 - 8*q + 4 + 7*q**2 + 38*q**3. What is s(6)?
-6
Let i(y) = -y**3 - 5*y**2 - 2*y - 6. Let c(u) = -2*u - 15. Let l be c(-10). Suppose l*k + 10 - 35 = 0. Suppose -k*d = 5*s + 25, 5 = -d + 4*s - 0. Give i(d).
4
Suppose 13 + 3 = -4*f. Let j = f + 4. Let r(q) = q**3 + q**2 + q - 2. Determine r(j).
-2
Let w(j) = -j - 10. Let t = -12 + 15. Let r be ((-3)/(-6) - t)*2. Give w(r).
-5
Let p(y) = -5*y**3 - 10*y**2 - 6. Let z(u) = -u**3 - u**2. Let a(s) = -p(s) + 4*z(s). Determine a(-6).
6
Let m(s) be the second derivative of s**5/5 + s**4/12 - s**2/2 - 3*s. Suppose n = -1 - 0. Give m(n).
-4
Let t = -1 + 3. Suppose 0 = 2*h + 5*u, -4*h = -0*u + t*u - 16. Let c(o) = o**3 - 5*o**2 + 3*o - 5. Determine c(h).
10
Suppose -12 = -5*r + 3. Let c(p) = p**3 - 4*p**2 - 2*p + 4. Calculate c(r).
-11
Suppose 2*v - 8 = -2*v. Suppose -2*d - v = 6. Let t(b) = 2*b - b + 1 - 6. Calculate t(d).
-9
Let z(v) be the first derivative of 9*v**5/20 + v**3/6 - v**2/2 - 3*v - 3. Let c(m) be the first derivative of z(m). What is c(1)?
9
Let d be 0 - (0 + 2) - 0. Let x = -3 - -5. Let f(b) = 4*b**3 + 2*b + b**x - 5*b**3 + 3 + 3*b**3 - b**3. What is f(d)?
-5
Let r(j) = 5*j**3 + 5*j**2 - 8. Let m(l) = 11*l**3 + 11*l**2 - 17. Let d(i) = -6*m(i) + 13*r(i). Calculate d(-3).
16
Let x(k) = k**3 - 4*k**2 - 2*k - 1. Suppose 10*b = 5*b + 40. Suppose y = 3*y - b. Calculate x(y).
-9
Let k = 36 + -30. Let s(r) = 3*r - 8. Determine s(k).
10
Let c(n) = n**2 - 2*n + 3. Let w be c(2). Let z(t) = 4 - 2*t**2 - 2*t**2 + 6*t**2 - w*t**2. Calculate z(-3).
-5
Let v(x) = -3*x**2 - 4*x - 3. Let l = -12 + 17. Let r be (-4)/10 - 8/l. What is v(r)?
-7
Let n(m) be the third derivative of -m**6/30 + m**5/60 + m**4/24 + m**3/6 - 2*m**2. Let s(j) = 2*j - 3. Let k be s(1). Give n(k).
5
Let o = 13 - 13. Let l(k) be the third derivative of -k**5/60 + k**4/24 + k**3/2 + 4*k**2. Calculate l(o).
3
Let g(j) = 7*j**2 - j + 1. Let o(n) = -n**3 + 9*n**2 - 6*n - 15. Let k be o(8). Determine g(k).
7
Let n(d) = -7*d + 23. Let s(z) = -3*z + 11. Let r(y) = -2*n(y) + 5*s(y). Let t(m) = -m + 8. Let l(v) = -3*r(v) + 4*t(v). Calculate l(0).
5
Suppose -4*l + 0*l = -4. Let d(n) be the third derivative of -n**5/30 + n**3/6 + 5*n**2. What is d(l)?
-1
Let k(m) = -27*m - 2. Let z be k(-2). Let q be z/10 + (-1)/5. Let t(n) = 2*n + 7. Let h(o) = -o - 7. Let x(r) = -5*h(r) - 4*t(r). Calculate x(q).
-8
Let x(v) = -v**2 + 5*v + 3. Suppose 0 = i + 2*i + 24. Let j = i - 1. Let p = j - -13. Calculate x(p).
7
Let q(f) be the second derivative of -5*f**4/12 + 5*f**3/6 + 7*f**2/2 - 2*f. Let a(t) = -6*t**2 + 6*t + 8. Let o(w) = 6*a(w) - 7*q(w). Calculate o(1).
-1
Let a(w) = 5*w**3 + 8*w**2 - 4*w + 4. Let q(g) = 4*g**3 + 7*g**2 - 4*g + 4. Let o(p) = 3*a(p) - 4*q(p). What is o(-5)?
1
Let r(d) be the second derivative of d + 1/2*d**3 - 2*d**2 - 1/20*d**5 + 0 - 1/12*d**4. Suppose -b + 1 = 4*n, 3*b - 2*n = -6*n - 5. What is r(b)?
5
Let k(w) = w**2 - 2*w - w + 5 + 4*w. Suppose 1 = 2*h - 9. Suppose l = -5*g + h, -5*l + 15 = -4*g - 2*l. Calculate k(g).
5
Let r(s) = -4*s**2 + 4*s + 11. Let c(a) = -6*a**2 + 6*a + 16. Let q(t) = -5*c(t) + 7*r(t). Let o = 0 + 2. Suppose 5*m - 3*x = o*x, 2*x - 2 = 3*m. What is q(m)?
9
Suppose 7*t + 24 = 3*t + 5*i, -12 = 2*t - 5*i. Let h(f) = f**2 + 5*f - 5. Calculate h(t).
1
Let q be 4/6 + 1/3. Let l(o) = o - 1 - 5*o**3 + o**3 + 3*o**3. Let v(m) = -4*m**3 + 5*m - 5. Let a(b) = 10*l(b) - 2*v(b). Determine a(q).
-2
Let h(v) be the second derivative of 2*v + 1/2*v**2 + 1/12*v**4 - 1/3*v**3 + 0. Let j = 5 - 3. Give h(j).
1
Let q(p) = -p**2 - p - 1. Let n = 6 + -4. Let d be q(n). Let c = d + 10. Let r(f) = 2*f**2 - 3*f - 3. Give r(c).
6
Let r = 9 + -10. Let i(m) = m - 1. Give i(r).
-2
Let x(b) = b**2 - 14*b + 41. Let v be x(9). Let y(h) = -h**2 - 5*h - 5. Calculate y(v).
-1
Let a(d) = -d**2 + 5*d + 2. Let j be a(5). Suppose -b + j*b - 23 = -4*h, 5*h - 31 = -2*b. Let r(n) = -n**2 + 5*n - 3. Determine r(b).
3
Let k(g) = g**3 - 8*g**2 + 9*g - 6. Let w(s) = -s**2 + 12*s - 13. Let x be w(10). What is k(x)?
8
Let n(j) be the second derivative of j**3/6 - 13*j**2/2 + 7*j. What is n(0)?
-13
Let h(g) = -g + 1. Suppose o - 4*q - 1 = 0, 0*o = -2*o - 2*q - 8. Let d be -1 - -2*4/1. Let w = o + d. Give h(w).
-3
Let h(n) = 5*n - 8. Let j(w) = -11*w + 17. Let k(l) = 9*h(l) + 4*j(l). Suppose -2 = 3*y - 14. Suppose -2*g = -g - y. What is k(g)?
0
Let n(w) = -w**3 + 12*w**2 - 11*w + 2. Let y be n(11). Let q be y*(-4)/(-1